73966112?
88
What is the greatest common divisor of 132 and 24141540?
12
What is the greatest common factor of 4083 and 31149?
3
Calculate the greatest common divisor of 42335415 and 135.
45
Calculate the greatest common factor of 37304100 and 53815.
1145
What is the highest common divisor of 2201351 and 2723?
389
Calculate the greatest common factor of 9179554 and 1161.
43
What is the highest common factor of 10039767 and 3?
3
Calculate the greatest common divisor of 3644956 and 84298.
746
Calculate the highest common factor of 40855861 and 62.
31
Calculate the greatest common factor of 4061 and 80765692.
131
What is the greatest common factor of 47 and 5004113453?
47
Calculate the greatest common divisor of 13175247 and 10116.
843
What is the greatest common divisor of 14186 and 2417502?
346
What is the highest common factor of 93 and 1851?
3
What is the highest common factor of 88519425 and 102?
51
What is the highest common factor of 4523301 and 69675?
2787
What is the highest common divisor of 8054576 and 6844?
116
What is the highest common divisor of 11088 and 136719?
99
Calculate the highest common factor of 238 and 77511959.
119
Calculate the highest common divisor of 141 and 40857711.
141
What is the greatest common divisor of 2035161 and 288?
9
Calculate the highest common divisor of 37448 and 4619.
31
What is the highest common factor of 390659327 and 103?
103
What is the highest common divisor of 1807512 and 27048?
1176
Calculate the highest common divisor of 165623 and 158801.
379
What is the greatest common divisor of 282583 and 15596259?
3871
Calculate the highest common factor of 10095 and 49815.
15
What is the greatest common divisor of 702464 and 1071104?
2048
Calculate the greatest common factor of 38165547 and 1064.
133
Calculate the greatest common divisor of 1482 and 174752994.
1482
What is the highest common divisor of 165527784 and 5044?
388
What is the greatest common divisor of 681107157 and 27?
27
Calculate the highest common factor of 12262 and 3077161162.
12262
What is the greatest common divisor of 1403529 and 12351?
69
What is the greatest common divisor of 4484574 and 138?
6
Calculate the highest common factor of 7684558 and 1568.
14
Calculate the highest common divisor of 131813 and 100408.
11
Calculate the highest common factor of 90 and 17070090.
30
Calculate the highest common divisor of 7707 and 31500.
21
What is the greatest common factor of 14052 and 819447064?
4684
Calculate the highest common divisor of 2644334 and 87241.
847
What is the highest common divisor of 3854 and 7975238?
82
What is the greatest common divisor of 525 and 128259?
3
What is the highest common factor of 609 and 130152?
87
Calculate the highest common factor of 5185 and 7808.
61
What is the highest common divisor of 199911 and 249861?
111
What is the highest common divisor of 189 and 18476346?
21
Calculate the greatest common divisor of 27104 and 67243792.
1232
Calculate the highest common factor of 1596996 and 78732.
972
Calculate the highest common divisor of 34368 and 3503388.
2148
Calculate the greatest common factor of 446820 and 991320.
660
What is the greatest common divisor of 30 and 55258230?
30
Calculate the highest common divisor of 2661642 and 21507.
201
Calculate the greatest common factor of 6086 and 71501371.
3043
Calculate the greatest common divisor of 15203880 and 761136.
3768
What is the highest common divisor of 2679 and 2636877?
57
What is the highest common factor of 9535656 and 50024?
1352
Calculate the highest common divisor of 4362848 and 59920.
112
What is the greatest common divisor of 38020 and 29620?
20
What is the greatest common factor of 129663 and 1404?
9
What is the greatest common divisor of 2358615 and 420?
105
Calculate the highest common factor of 40704 and 155280.
48
What is the greatest common divisor of 4802855 and 6130?
3065
What is the highest common factor of 14352 and 9313206?
138
What is the highest common divisor of 2159 and 1170432?
127
Calculate the highest common factor of 130 and 399335.
5
What is the greatest common factor of 1522932138 and 711?
711
Calculate the greatest common divisor of 15402 and 36132.
6
What is the highest common factor of 7800 and 787450?
50
What is the highest common factor of 420 and 52200660?
60
Calculate the greatest common factor of 13096 and 131144.
8
What is the greatest common divisor of 840 and 3346707?
21
Calculate the highest common divisor of 2612380 and 40.
20
What is the highest common factor of 6678 and 1183770?
126
What is the highest common factor of 34707 and 5152229?
503
What is the highest common factor of 7131 and 267438647?
2377
What is the highest common factor of 492 and 1287178764?
492
Calculate the greatest common factor of 166637292 and 12.
12
Calculate the highest common divisor of 295 and 7072507.
59
Calculate the highest common divisor of 168 and 610640.
8
Calculate the greatest common divisor of 791874 and 541323.
369
Calculate the highest common divisor of 180 and 164837.
1
What is the greatest common factor of 250063 and 3043?
179
Calculate the greatest common factor of 9106 and 18553318.
314
What is the highest common factor of 806 and 3817641568?
806
Calculate the highest common divisor of 3178 and 147434.
14
What is the highest common factor of 243 and 2223303?
3
Calculate the highest common divisor of 303208 and 40619.
151
What is the highest common divisor of 192019 and 485482?
3623
What is the highest common factor of 7918371 and 46?
23
What is the greatest common divisor of 775 and 124282720?
155
Calculate the highest common divisor of 16986978 and 774.
774
Calculate the highest common divisor of 510664290 and 20.
10
Calculate the highest common divisor of 126912 and 580416.
192
Calculate the greatest common factor of 53494 and 4648.
14
What is the greatest common factor of 173282 and 14605?
23
What is the highest common factor of 197731 and 1955?
23
What is the highest common divisor of 11677 and 4513?
1
Calculate the highest common divisor of 4374 and 4306446.
486
What is the highest common divisor of 9631750 and 1959?
653
What is the greatest common factor of 23 and 3527717?
23
What is the greatest common divisor of 741 and 3960762?
39
What is the greatest common factor of 777 and 18477319?
259
What is the greatest common divisor of 20 and 2778235890?
10
What is the highest common divisor of 2524 and 10556630?
1262
Calculate the highest common factor of 584 and 7503524.
292
What is the highest common factor of 62932804 and 110?
22
Calculate the greatest common factor of 1122 and 519826.
34
What is the highest common divisor of 2797250 and 34900?
50
What is the greatest common factor of 10239002 and 19688?
46
Calculate the greatest common factor of 3360 and 891542400.
3360
What is the highest common divisor of 6238596 and 275268?
2436
What is the highest common divisor of 31413 and 85359?
111
Calculate the highest common divisor of 4033 and 338554.
109
What is the highest common factor of 3811849 and 5327?
761
What is the highest common factor of 38043 and 246133983?
4227
Calculate the greatest common divisor of 5839160 and 16897.
277
What is the greatest common factor of 993395 and 1495?
65
What is the greatest common factor of 5 and 2630795?
5
What is the highest common factor of 363506 and 42394?
902
Calculate the highest common factor of 54 and 9264966.
6
What is the highest common factor of 32682 and 4959123?
39
What is the greatest common divisor of 113598130 and 10?
10
Calculate the highest common divisor of 30778 and 91234.
22
Calculate the greatest common divisor of 18347886 and 63283.
523
What is the highest common divisor of 469300 and 1053?
13
What is the highest common divisor of 13709300 and 1100?
1100
Calculate the highest common factor of 126 and 42019096.
14
Calculate the greatest common divisor of 158314535 and 890.
445
What is the highest common divisor of 2 and 2825256?
2
What is the highest common factor of 7869 and 14277843?
183
What is the greatest common divisor of 1476 and 11186001?
9
What is the greatest common factor of 720 and 177781320?
360
Calculate the greatest common factor of 2148894 and 504.
18
What is the greatest common factor of 210607145 and 343?
343
Calculate the highest c